{"id":404,"date":"2025-05-26T15:42:52","date_gmt":"2025-05-26T13:42:52","guid":{"rendered":"https:\/\/wojdowskifizjoterapia.pl\/?page_id=404"},"modified":"2025-05-26T15:43:50","modified_gmt":"2025-05-26T13:43:50","slug":"cwiczenia-indywidualne-z-pacjentem","status":"publish","type":"page","link":"https:\/\/wojdowskifizjoterapia.pl\/?page_id=404","title":{"rendered":"\u0106wiczenia indywidualne z pacjentem"},"content":{"rendered":"\t\t<div data-elementor-type=\"wp-page\" data-elementor-id=\"404\" class=\"elementor elementor-404\">\n\t\t\t\t\t\t<section class=\"elementor-section elementor-top-section elementor-element elementor-element-c64f22a elementor-section-full_width elementor-section-height-default elementor-section-height-default\" data-id=\"c64f22a\" data-element_type=\"section\">\n\t\t\t\t\t\t<div class=\"elementor-container elementor-column-gap-default\">\n\t\t\t\t\t<div class=\"elementor-column elementor-col-100 elementor-top-column elementor-element elementor-element-2fae526\" data-id=\"2fae526\" data-element_type=\"column\" data-settings=\"{&quot;background_background&quot;:&quot;classic&quot;}\">\n\t\t\t<div class=\"elementor-widget-wrap elementor-element-populated\">\n\t\t\t\t\t\t<div class=\"elementor-element elementor-element-32fdedb elementor-widget elementor-widget-heading\" data-id=\"32fdedb\" data-element_type=\"widget\" data-widget_type=\"heading.default\">\n\t\t\t\t<div class=\"elementor-widget-container\">\n\t\t\t\t\t<h1 class=\"elementor-heading-title elementor-size-default\">\u0106wiczenia indywidualne z pacjentem<\/h1>\t\t\t\t<\/div>\n\t\t\t\t<\/div>\n\t\t\t\t\t<\/div>\n\t\t<\/div>\n\t\t\t\t\t<\/div>\n\t\t<\/section>\n\t\t<div class=\"elementor-element elementor-element-85b9c1b e-flex e-con-boxed e-con e-parent\" data-id=\"85b9c1b\" data-element_type=\"container\">\n\t\t\t\t\t<div class=\"e-con-inner\">\n\t\t<div class=\"elementor-element elementor-element-d212507 e-con-full e-flex e-con e-child\" data-id=\"d212507\" data-element_type=\"container\">\n\t\t\t\t<div class=\"elementor-element elementor-element-7cf59e5 elementor-widget elementor-widget-text-editor\" data-id=\"7cf59e5\" data-element_type=\"widget\" data-widget_type=\"text-editor.default\">\n\t\t\t\t<div class=\"elementor-widget-container\">\n\t\t\t\t\t\t\t\t\t<p><span data-contrast=\"auto\">Niezale\u017cnie czy pacjentem jest dziecko czy osoba doros\u0142a, le\u017c\u0105ca czy chodz\u0105ca w r\u0119kach fizjoterapeuty jest ogromny wachlarz technik i metod pracy indywidualnej, specjalnie dobranych\u00a0 do Jego\u00a0 potrzeb i wymaga\u0144.<\/span><span data-ccp-props=\"{&quot;134233117&quot;:true,&quot;134233118&quot;:true,&quot;201341983&quot;:0,&quot;335559740&quot;:240}\">\u00a0<\/span><\/p><p><span data-contrast=\"auto\">Indywidualne \u0107wiczenia z fizjoterapeut\u0105 zalecane s\u0105 najcz\u0119\u015bciej w przypadku r\u00f3\u017cnego rodzaju dolegliwo\u015bci b\u00f3lowych, przy dysfunkcjach narz\u0105du ruchu, ale r\u00f3wnie\u017c jako profilaktyka.<\/span><span data-ccp-props=\"{&quot;134233117&quot;:true,&quot;134233118&quot;:true,&quot;201341983&quot;:0,&quot;335559740&quot;:240}\">\u00a0<\/span><\/p><p><span data-contrast=\"auto\">Terapia indywidualna poprzedzona jest zawsze analiz\u0105 stanu funkcjonalnego pacjenta. W tym celu przeprowadzamy testy maj\u0105ce za zadanie m.in. sprawdzenie zakres\u00f3w ruch\u00f3w. Za podstawie rozpoznania lekarskiego oraz wynik\u00f3w przeprowadzonych test\u00f3w, nasz fizjoterapeuta okre\u015bla cel leczenia, opracuje indywidualny zestaw \u0107wicze\u0144 i ustali plan treningowy, kt\u00f3ry b\u0119dzie realizowa\u0142 w trakcie indywidualnych zaj\u0119\u0107 z pacjentem.<\/span><span data-ccp-props=\"{&quot;134233117&quot;:true,&quot;134233118&quot;:true,&quot;201341983&quot;:0,&quot;335559740&quot;:240}\">\u00a0<\/span><\/p>\t\t\t\t\t\t\t\t<\/div>\n\t\t\t\t<\/div>\n\t\t\t\t<\/div>\n\t\t<div class=\"elementor-element elementor-element-9a323a6 e-con-full e-flex e-con e-child\" data-id=\"9a323a6\" data-element_type=\"container\">\n\t\t\t\t<div class=\"elementor-element elementor-element-1a1bc9f elementor-widget elementor-widget-image\" data-id=\"1a1bc9f\" data-element_type=\"widget\" data-widget_type=\"image.default\">\n\t\t\t\t<div class=\"elementor-widget-container\">\n\t\t\t\t\t\t\t\t\t\t\t\t\t\t\t<img fetchpriority=\"high\" decoding=\"async\" width=\"1200\" height=\"800\" src=\"https:\/\/wojdowskifizjoterapia.pl\/wp-content\/uploads\/2025\/05\/fizjoterapia-mariusz-wojdowski-3-1200x800.webp\" class=\"attachment-large size-large wp-image-296\" alt=\"\" srcset=\"https:\/\/wojdowskifizjoterapia.pl\/wp-content\/uploads\/2025\/05\/fizjoterapia-mariusz-wojdowski-3-1200x800.webp 1200w, https:\/\/wojdowskifizjoterapia.pl\/wp-content\/uploads\/2025\/05\/fizjoterapia-mariusz-wojdowski-3-500x333.webp 500w, https:\/\/wojdowskifizjoterapia.pl\/wp-content\/uploads\/2025\/05\/fizjoterapia-mariusz-wojdowski-3-300x200.webp 300w, https:\/\/wojdowskifizjoterapia.pl\/wp-content\/uploads\/2025\/05\/fizjoterapia-mariusz-wojdowski-3-768x512.webp 768w, https:\/\/wojdowskifizjoterapia.pl\/wp-content\/uploads\/2025\/05\/fizjoterapia-mariusz-wojdowski-3-112x75.webp 112w, https:\/\/wojdowskifizjoterapia.pl\/wp-content\/uploads\/2025\/05\/fizjoterapia-mariusz-wojdowski-3-480x320.webp 480w, https:\/\/wojdowskifizjoterapia.pl\/wp-content\/uploads\/2025\/05\/fizjoterapia-mariusz-wojdowski-3.webp 1513w\" sizes=\"(max-width:767px) 480px, (max-width:1200px) 100vw, 1200px\" \/>\t\t\t\t\t\t\t\t\t\t\t\t\t\t\t<\/div>\n\t\t\t\t<\/div>\n\t\t\t\t<\/div>\n\t\t\t\t\t<\/div>\n\t\t\t\t<\/div>\n\t\t<div class=\"elementor-element elementor-element-a2f5a1f e-flex e-con-boxed e-con e-parent\" data-id=\"a2f5a1f\" data-element_type=\"container\">\n\t\t\t\t\t<div class=\"e-con-inner\">\n\t\t<div class=\"elementor-element elementor-element-8deeded e-con-full e-flex e-con e-child\" data-id=\"8deeded\" data-element_type=\"container\">\n\t\t\t\t<div class=\"elementor-element elementor-element-1e4f9f0 scroll elementor-align-justify elementor-mobile-align-justify elementor-widget elementor-widget-button\" data-id=\"1e4f9f0\" data-element_type=\"widget\" data-widget_type=\"button.default\">\n\t\t\t\t<div class=\"elementor-widget-container\">\n\t\t\t\t\t\t\t\t\t<div class=\"elementor-button-wrapper\">\n\t\t\t\t\t<a class=\"elementor-button elementor-button-link elementor-size-sm\" href=\"https:\/\/wojdowskifizjoterapia.pl\/kontakt\/\">\n\t\t\t\t\t\t<span class=\"elementor-button-content-wrapper\">\n\t\t\t\t\t\t\t\t\t<span class=\"elementor-button-text\">Um\u00f3w spotkanie<\/span>\n\t\t\t\t\t<\/span>\n\t\t\t\t\t<\/a>\n\t\t\t\t<\/div>\n\t\t\t\t\t\t\t\t<\/div>\n\t\t\t\t<\/div>\n\t\t\t\t<\/div>\n\t\t\t\t\t<\/div>\n\t\t\t\t<\/div>\n\t\t\t\t<\/div>\n\t\t","protected":false},"excerpt":{"rendered":"<p>\u0106wiczenia indywidualne z pacjentem Niezale\u017cnie czy pacjentem jest dziecko czy osoba doros\u0142a, le\u017c\u0105ca czy chodz\u0105ca w r\u0119kach fizjoterapeuty jest ogromny wachlarz technik i metod pracy indywidualnej,<span class=\"excerpt-hellip\"> [\u2026]<\/span><\/p>\n","protected":false},"author":1,"featured_media":0,"parent":346,"menu_order":0,"comment_status":"closed","ping_status":"closed","template":"","meta":{"footnotes":""},"class_list":["post-404","page","type-page","status-publish","hentry"],"_links":{"self":[{"href":"https:\/\/wojdowskifizjoterapia.pl\/index.php?rest_route=\/wp\/v2\/pages\/404","targetHints":{"allow":["GET"]}}],"collection":[{"href":"https:\/\/wojdowskifizjoterapia.pl\/index.php?rest_route=\/wp\/v2\/pages"}],"about":[{"href":"https:\/\/wojdowskifizjoterapia.pl\/index.php?rest_route=\/wp\/v2\/types\/page"}],"author":[{"embeddable":true,"href":"https:\/\/wojdowskifizjoterapia.pl\/index.php?rest_route=\/wp\/v2\/users\/1"}],"replies":[{"embeddable":true,"href":"https:\/\/wojdowskifizjoterapia.pl\/index.php?rest_route=%2Fwp%2Fv2%2Fcomments&post=404"}],"version-history":[{"count":4,"href":"https:\/\/wojdowskifizjoterapia.pl\/index.php?rest_route=\/wp\/v2\/pages\/404\/revisions"}],"predecessor-version":[{"id":408,"href":"https:\/\/wojdowskifizjoterapia.pl\/index.php?rest_route=\/wp\/v2\/pages\/404\/revisions\/408"}],"up":[{"embeddable":true,"href":"https:\/\/wojdowskifizjoterapia.pl\/index.php?rest_route=\/wp\/v2\/pages\/346"}],"wp:attachment":[{"href":"https:\/\/wojdowskifizjoterapia.pl\/index.php?rest_route=%2Fwp%2Fv2%2Fmedia&parent=404"}],"curies":[{"name":"wp","href":"https:\/\/api.w.org\/{rel}","templated":true}]}}